{"id":557,"date":"2025-11-04T08:29:27","date_gmt":"2025-11-04T07:29:27","guid":{"rendered":"https:\/\/inkfusion.es\/desarrollo\/metagestion\/?page_id=557"},"modified":"2025-11-04T13:30:04","modified_gmt":"2025-11-04T12:30:04","slug":"documentacion-y-contratos","status":"publish","type":"page","link":"https:\/\/inkfusion.es\/desarrollo\/metagestion\/documentacion-y-contratos\/","title":{"rendered":"Documentaci\u00f3n y Contratos"},"content":{"rendered":"<div class=\"wpb-content-wrapper\">[vc_row remove_bottom_col_margin=\u00bbtrue\u00bb][vc_column]<div class=\"wpex-template-shortcode\"><div class=\"vc_row wpb_row vc_row-fluid wpex-relative wpex-vc_row-col-mb-0\"><div class=\"wpb_column vc_column_container vc_col-sm-12\"><div class=\"vc_column-inner\"><div class=\"wpb_wrapper\"><div class=\"vcex-spacing wpex-w-100 wpex-clear\" style=\"height:clamp(60px, 7vmax, 120px);\"><\/div><\/div><\/div><\/div><\/div>\n<\/div>[\/vc_column][\/vc_row][vc_row][vc_column width=\u00bb1\/3&#8243;]<style>.vcex-heading.vcex_69de7bdf285bc{color:var(--wpex-palette-336-color);font-size:var(--wpex-text-4xl);font-weight:600;}<\/style><h1 class=\"vcex-heading vcex-heading-plain vcex-module wpex-heading wpex-text-2xl wpex-text-left vcex_69de7bdf285bc\"><span class=\"vcex-heading-inner wpex-inline-block\">Documentaci\u00f3n y Contratos<\/span><\/h1><div class=\"vcex-module vcex-divider vcex-divider-dotted vcex-divider-center wpex-mx-auto wpex-block wpex-h-0\" style=\"margin-inline-end:10px;margin-block:10px;\"><\/div><style>.vcex-navbar.vcex_69de7bdf29b61 a.vcex-navbar-link{color:var(--wpex-palette-336-color);text-decoration-line:none;text-transform:uppercase;}.vcex-navbar.vcex_69de7bdf29b61 a.vcex-navbar-link:is(:hover,.active){color:var(--wpex-palette-337-color);}.vcex-navbar.vcex_69de7bdf29b61 a.vcex-navbar-link:is(:active,.active){color:var(--wpex-palette-337-color);text-decoration-line:none;}.vcex-navbar.vcex_69de7bdf29b61 a.vcex-navbar-link:hover{text-decoration-line:none;}.vcex-navbar.vcex_69de7bdf29b61{font-size:var(--wpex-text-base);}<\/style><nav class=\"vcex-navbar vcex-navbar--list vcex-module vcex-navbar-sticky wpex-transition-opacity wpex-duration-300 vcex-navbar-sticky-offset wpex-ls-offset vc_custom_1762246160167 vcex_69de7bdf29b61\"><div class=\"vcex-navbar-inner wpex-flex wpex-flex-wrap wpex-flex-col wpex-items-start wpex-gap-y-5 visible-desktop\"><div class=\"vcex-navbar-list-item wpex-list-item wpex-clear\"><a href=\"https:\/\/inkfusion.es\/desarrollo\/metagestion\/aviso-legal\/\" class=\"vcex-navbar-link vcex-navbar-link--528 wpex-block theme-txt-link list wpex-font-normal wpex-text-1em\"><span class=\"vcex-navbar-link-text\">Aviso Legal<\/span><\/a><\/div><div class=\"vcex-navbar-list-item wpex-list-item wpex-clear\"><a href=\"https:\/\/inkfusion.es\/desarrollo\/metagestion\/politica-de-privacidad\/\" class=\"vcex-navbar-link vcex-navbar-link--542 wpex-block theme-txt-link list wpex-font-normal wpex-text-1em\"><span class=\"vcex-navbar-link-text\">Pol\u00edtica de Privacidad<\/span><\/a><\/div><div class=\"vcex-navbar-list-item wpex-list-item wpex-clear\"><a href=\"https:\/\/inkfusion.es\/desarrollo\/metagestion\/politica-de-cookies\/\" class=\"vcex-navbar-link vcex-navbar-link--550 wpex-block theme-txt-link list wpex-font-normal wpex-text-1em\"><span class=\"vcex-navbar-link-text\">Pol\u00edtica de Cookies<\/span><\/a><\/div><div class=\"vcex-navbar-list-item wpex-list-item wpex-clear\"><a href=\"https:\/\/inkfusion.es\/desarrollo\/metagestion\/sostenibilidad\/\" class=\"vcex-navbar-link vcex-navbar-link--553 wpex-block theme-txt-link list wpex-font-normal wpex-text-1em\"><span class=\"vcex-navbar-link-text\">Sostenibilidad<\/span><\/a><\/div><div class=\"vcex-navbar-list-item wpex-list-item wpex-clear\"><a href=\"https:\/\/inkfusion.es\/desarrollo\/metagestion\/documentacion-y-contratos\/\" class=\"vcex-navbar-link vcex-navbar-link--557 wpex-block theme-txt-link list wpex-font-normal wpex-text-1em\"><span class=\"vcex-navbar-link-text\">Documentaci\u00f3n y Contratos<\/span><\/a><\/div><div class=\"vcex-navbar-list-item wpex-list-item wpex-clear\"><a href=\"https:\/\/inkfusion.es\/desarrollo\/metagestion\/atencion-al-cliente\/\" class=\"vcex-navbar-link vcex-navbar-link--587 wpex-block theme-txt-link list wpex-font-normal wpex-text-1em\"><span class=\"vcex-navbar-link-text\">Atenci\u00f3n al Cliente<\/span><\/a><\/div><div class=\"vcex-navbar-list-item wpex-list-item wpex-clear\"><a href=\"https:\/\/inkfusion.es\/desarrollo\/metagestion\/canal-de-denuncias\/\" class=\"vcex-navbar-link vcex-navbar-link--597 wpex-block theme-txt-link list wpex-font-normal wpex-text-1em\"><span class=\"vcex-navbar-link-text\">Canal de Denuncias<\/span><\/a><\/div><\/div><div class=\"vcex-navbar-mobile-select hidden-desktop wpex-select-wrap\"><select autocomplete=\"off\"><option>Aviso Legal<\/option><option>Pol\u00edtica de Privacidad<\/option><option>Pol\u00edtica de Cookies<\/option><option>Sostenibilidad<\/option><option>Documentaci\u00f3n y Contratos<\/option><option>Atenci\u00f3n al Cliente<\/option><option>Canal de Denuncias<\/option><\/select><div class=\"wpex-select-arrow\"><span class=\"wpex-select-arrow__icon wpex-icon--sm wpex-flex wpex-icon\" aria-hidden=\"true\"><svg viewBox=\"0 0 24 24\" xmlns=\"http:\/\/www.w3.org\/2000\/svg\"><rect fill=\"none\" height=\"24\" width=\"24\"\/><g transform=\"matrix(0, -1, 1, 0, -0.115, 23.885)\"><polygon points=\"17.77,3.77 16,2 6,12 16,22 17.77,20.23 9.54,12\"\/><\/g><\/svg><\/span><\/div><\/div><\/nav>[\/vc_column][vc_column width=\u00bb2\/3&#8243;]<div class=\"vcex-grid-container vcex-module wpex-grid wpex-gap-20 wpex-grid-cols-1 wpex-sm-grid-cols-1 wpex-md-grid-cols-2 wpex-lg-grid-cols-3 wpex-xl-grid-cols-3\"><style>.vcex-icon-box.vcex_69de7bdf306eb{border-color:var(--wpex-palette-336-color);border-radius:var(--wpex-rounded-md);}.vcex-icon-box.vcex_69de7bdf306eb .vcex-icon-box-heading{color:var(--wpex-palette-337-color);}.vcex-icon-box.vcex_69de7bdf306eb:hover .vcex-icon-box-heading{color:var(--wpex-palette-336-color);}.vcex-icon-box.vcex_69de7bdf306eb .vcex-icon-box-icon{color:var(--wpex-palette-337-color);}.vcex-icon-box.vcex_69de7bdf306eb:hover .vcex-icon-box-icon{color:var(--wpex-palette-336-color);}<\/style><a class=\"vcex-module vcex-icon-box vcex-icon-box-four vcex-icon-box-has-link wpex-inherit-color wpex-no-underline wpex-block wpex-text-center wpex-p-30 wpex-bordered hvr hvr-grow vcex_69de7bdf306eb\" href=\"https:\/\/inkfusion.es\/desarrollo\/metagestion\/wp-content\/uploads\/2025\/11\/Metagestion-SGIIC-SA-CCAA-2024-CNMV.pdf\" target=\"_blank\" rel=\"noopener noreferrer\"><div class=\"vcex-icon-box-symbol vcex-icon-box-symbol--icon wpex-mb-20\"><div class=\"vcex-icon-box-icon wpex-items-center wpex-justify-center wpex-child-inherit-color wpex-text-center wpex-leading-none wpex-inline-flex wpex-text-1\"><span class=\"wpex-flex fa fa-regular fa-file-pdf\" aria-hidden=\"true\"><\/span><\/div><\/div><div class=\"vcex-icon-box-text\"><h2 class=\"vcex-icon-box-heading wpex-heading wpex-text-lg wpex-mb-10\">CUENTAS ANUALES DE LA GESTORA 2024<\/h2><\/div><\/a><style>.vcex-icon-box.vcex_69de7bdf31492{border-color:var(--wpex-palette-336-color);border-radius:var(--wpex-rounded-md);}.vcex-icon-box.vcex_69de7bdf31492 .vcex-icon-box-heading{color:var(--wpex-palette-337-color);}.vcex-icon-box.vcex_69de7bdf31492:hover .vcex-icon-box-heading{color:var(--wpex-palette-336-color);}.vcex-icon-box.vcex_69de7bdf31492 .vcex-icon-box-icon{color:var(--wpex-palette-337-color);}.vcex-icon-box.vcex_69de7bdf31492:hover .vcex-icon-box-icon{color:var(--wpex-palette-336-color);}<\/style><a class=\"vcex-module vcex-icon-box vcex-icon-box-four vcex-icon-box-has-link wpex-inherit-color wpex-no-underline wpex-block wpex-text-center wpex-p-30 wpex-bordered hvr hvr-grow vcex_69de7bdf31492\" href=\"https:\/\/inkfusion.es\/desarrollo\/metagestion\/wp-content\/uploads\/2025\/11\/Metagestion-SGIIC-SA-CCAA-2023-CNMV.pdf\" target=\"_blank\" rel=\"noopener noreferrer\"><div class=\"vcex-icon-box-symbol vcex-icon-box-symbol--icon wpex-mb-20\"><div class=\"vcex-icon-box-icon wpex-items-center wpex-justify-center wpex-child-inherit-color wpex-text-center wpex-leading-none wpex-inline-flex wpex-text-1\"><span class=\"wpex-flex fa fa-regular fa-file-pdf\" aria-hidden=\"true\"><\/span><\/div><\/div><div class=\"vcex-icon-box-text\"><h2 class=\"vcex-icon-box-heading wpex-heading wpex-text-lg wpex-mb-10\">CUENTAS ANUALES DE LA GESTORA 2023<\/h2><\/div><\/a><style>.vcex-icon-box.vcex_69de7bdf3217f{border-color:var(--wpex-palette-336-color);border-radius:var(--wpex-rounded-md);}.vcex-icon-box.vcex_69de7bdf3217f .vcex-icon-box-heading{color:var(--wpex-palette-337-color);}.vcex-icon-box.vcex_69de7bdf3217f:hover .vcex-icon-box-heading{color:var(--wpex-palette-336-color);}.vcex-icon-box.vcex_69de7bdf3217f .vcex-icon-box-icon{color:var(--wpex-palette-337-color);}.vcex-icon-box.vcex_69de7bdf3217f:hover .vcex-icon-box-icon{color:var(--wpex-palette-336-color);}<\/style><a class=\"vcex-module vcex-icon-box vcex-icon-box-four vcex-icon-box-has-link wpex-inherit-color wpex-no-underline wpex-block wpex-text-center wpex-p-30 wpex-bordered hvr hvr-grow vcex_69de7bdf3217f\" href=\"https:\/\/inkfusion.es\/desarrollo\/metagestion\/wp-content\/uploads\/2025\/11\/Politica-Remunerativa.pdf\" target=\"_blank\" rel=\"noopener noreferrer\"><div class=\"vcex-icon-box-symbol vcex-icon-box-symbol--icon wpex-mb-20\"><div class=\"vcex-icon-box-icon wpex-items-center wpex-justify-center wpex-child-inherit-color wpex-text-center wpex-leading-none wpex-inline-flex wpex-text-1\"><span class=\"wpex-flex fa fa-regular fa-file-pdf\" aria-hidden=\"true\"><\/span><\/div><\/div><div class=\"vcex-icon-box-text\"><h2 class=\"vcex-icon-box-heading wpex-heading wpex-text-lg wpex-mb-10\">POL\u00cdTICA REMUNERATIVA<\/h2><\/div><\/a><style>.vcex-icon-box.vcex_69de7bdf32d6c{border-color:var(--wpex-palette-336-color);border-radius:var(--wpex-rounded-md);}.vcex-icon-box.vcex_69de7bdf32d6c .vcex-icon-box-heading{color:var(--wpex-palette-337-color);}.vcex-icon-box.vcex_69de7bdf32d6c:hover .vcex-icon-box-heading{color:var(--wpex-palette-336-color);}.vcex-icon-box.vcex_69de7bdf32d6c .vcex-icon-box-icon{color:var(--wpex-palette-337-color);}.vcex-icon-box.vcex_69de7bdf32d6c:hover .vcex-icon-box-icon{color:var(--wpex-palette-336-color);}<\/style><a class=\"vcex-module vcex-icon-box vcex-icon-box-four vcex-icon-box-has-link wpex-inherit-color wpex-no-underline wpex-block wpex-text-center wpex-p-30 wpex-bordered hvr hvr-grow vcex_69de7bdf32d6c\" href=\"https:\/\/inkfusion.es\/desarrollo\/metagestion\/wp-content\/uploads\/2025\/11\/Anuncio-BOE.pdf\" target=\"_blank\" rel=\"noopener noreferrer\"><div class=\"vcex-icon-box-symbol vcex-icon-box-symbol--icon wpex-mb-20\"><div class=\"vcex-icon-box-icon wpex-items-center wpex-justify-center wpex-child-inherit-color wpex-text-center wpex-leading-none wpex-inline-flex wpex-text-1\"><span class=\"wpex-flex fa fa-regular fa-file-pdf\" aria-hidden=\"true\"><\/span><\/div><\/div><div class=\"vcex-icon-box-text\"><h2 class=\"vcex-icon-box-heading wpex-heading wpex-text-lg wpex-mb-10\">ANUNCIO BOE<\/h2><\/div><\/a><style>.vcex-icon-box.vcex_69de7bdf338c3{border-color:var(--wpex-palette-336-color);border-radius:var(--wpex-rounded-md);}.vcex-icon-box.vcex_69de7bdf338c3 .vcex-icon-box-heading{color:var(--wpex-palette-337-color);}.vcex-icon-box.vcex_69de7bdf338c3:hover .vcex-icon-box-heading{color:var(--wpex-palette-336-color);}.vcex-icon-box.vcex_69de7bdf338c3 .vcex-icon-box-icon{color:var(--wpex-palette-337-color);}.vcex-icon-box.vcex_69de7bdf338c3:hover .vcex-icon-box-icon{color:var(--wpex-palette-336-color);}<\/style><a class=\"vcex-module vcex-icon-box vcex-icon-box-four vcex-icon-box-has-link wpex-inherit-color wpex-no-underline wpex-block wpex-text-center wpex-p-30 wpex-bordered hvr hvr-grow vcex_69de7bdf338c3\" href=\"https:\/\/inkfusion.es\/desarrollo\/metagestion\/wp-content\/uploads\/2025\/11\/Politica-Implicacion-Largo-Plazo.pdf\" target=\"_blank\" rel=\"noopener noreferrer\"><div class=\"vcex-icon-box-symbol vcex-icon-box-symbol--icon wpex-mb-20\"><div class=\"vcex-icon-box-icon wpex-items-center wpex-justify-center wpex-child-inherit-color wpex-text-center wpex-leading-none wpex-inline-flex wpex-text-1\"><span class=\"wpex-flex fa fa-regular fa-file-pdf\" aria-hidden=\"true\"><\/span><\/div><\/div><div class=\"vcex-icon-box-text\"><h2 class=\"vcex-icon-box-heading wpex-heading wpex-text-lg wpex-mb-10\">POL\u00cdTICA DE IMPLICACI\u00d3N A LARGO PLAZO<\/h2><\/div><\/a><style>.vcex-icon-box.vcex_69de7bdf3442d{border-color:var(--wpex-palette-336-color);border-radius:var(--wpex-rounded-md);}.vcex-icon-box.vcex_69de7bdf3442d .vcex-icon-box-heading{color:var(--wpex-palette-337-color);}.vcex-icon-box.vcex_69de7bdf3442d:hover .vcex-icon-box-heading{color:var(--wpex-palette-336-color);}.vcex-icon-box.vcex_69de7bdf3442d .vcex-icon-box-icon{color:var(--wpex-palette-337-color);}.vcex-icon-box.vcex_69de7bdf3442d:hover .vcex-icon-box-icon{color:var(--wpex-palette-336-color);}<\/style><a class=\"vcex-module vcex-icon-box vcex-icon-box-four vcex-icon-box-has-link wpex-inherit-color wpex-no-underline wpex-block wpex-text-center wpex-p-30 wpex-bordered hvr hvr-grow vcex_69de7bdf3442d\" href=\"https:\/\/inkfusion.es\/desarrollo\/metagestion\/wp-content\/uploads\/2025\/11\/Informe-Anual-politica-implicacion-2023.pdf\" target=\"_blank\" rel=\"noopener noreferrer\"><div class=\"vcex-icon-box-symbol vcex-icon-box-symbol--icon wpex-mb-20\"><div class=\"vcex-icon-box-icon wpex-items-center wpex-justify-center wpex-child-inherit-color wpex-text-center wpex-leading-none wpex-inline-flex wpex-text-1\"><span class=\"wpex-flex fa fa-regular fa-file-pdf\" aria-hidden=\"true\"><\/span><\/div><\/div><div class=\"vcex-icon-box-text\"><h2 class=\"vcex-icon-box-heading wpex-heading wpex-text-lg wpex-mb-10\">INFORME POL\u00cdTICA DE IMPLICACI\u00d3N A LARGO PLAZO 2023<\/h2><\/div><\/a><style>.vcex-icon-box.vcex_69de7bdf34f5c{border-color:var(--wpex-palette-336-color);border-radius:var(--wpex-rounded-md);}.vcex-icon-box.vcex_69de7bdf34f5c .vcex-icon-box-heading{color:var(--wpex-palette-337-color);}.vcex-icon-box.vcex_69de7bdf34f5c:hover .vcex-icon-box-heading{color:var(--wpex-palette-336-color);}.vcex-icon-box.vcex_69de7bdf34f5c .vcex-icon-box-icon{color:var(--wpex-palette-337-color);}.vcex-icon-box.vcex_69de7bdf34f5c:hover .vcex-icon-box-icon{color:var(--wpex-palette-336-color);}<\/style><a class=\"vcex-module vcex-icon-box vcex-icon-box-four vcex-icon-box-has-link wpex-inherit-color wpex-no-underline wpex-block wpex-text-center wpex-p-30 wpex-bordered hvr hvr-grow vcex_69de7bdf34f5c\" href=\"https:\/\/inkfusion.es\/desarrollo\/metagestion\/wp-content\/uploads\/2025\/11\/Informe-Anual-politica-de-implicacion-2024.pdf\" target=\"_blank\" rel=\"noopener noreferrer\"><div class=\"vcex-icon-box-symbol vcex-icon-box-symbol--icon wpex-mb-20\"><div class=\"vcex-icon-box-icon wpex-items-center wpex-justify-center wpex-child-inherit-color wpex-text-center wpex-leading-none wpex-inline-flex wpex-text-1\"><span class=\"wpex-flex fa fa-regular fa-file-pdf\" aria-hidden=\"true\"><\/span><\/div><\/div><div class=\"vcex-icon-box-text\"><h2 class=\"vcex-icon-box-heading wpex-heading wpex-text-lg wpex-mb-10\">INFORME POL\u00cdTICA DE IMPLICACI\u00d3N A LARGO PLAZO 2024<\/h2><\/div><\/a><style>.vcex-icon-box.vcex_69de7bdf35a7f{border-color:var(--wpex-palette-336-color);border-radius:var(--wpex-rounded-md);}.vcex-icon-box.vcex_69de7bdf35a7f .vcex-icon-box-heading{color:var(--wpex-palette-337-color);}.vcex-icon-box.vcex_69de7bdf35a7f:hover .vcex-icon-box-heading{color:var(--wpex-palette-336-color);}.vcex-icon-box.vcex_69de7bdf35a7f .vcex-icon-box-icon{color:var(--wpex-palette-337-color);}.vcex-icon-box.vcex_69de7bdf35a7f:hover .vcex-icon-box-icon{color:var(--wpex-palette-336-color);}<\/style><a class=\"vcex-module vcex-icon-box vcex-icon-box-four vcex-icon-box-has-link wpex-inherit-color wpex-no-underline wpex-block wpex-text-center wpex-p-30 wpex-bordered hvr hvr-grow vcex_69de7bdf35a7f\" href=\"https:\/\/inkfusion.es\/desarrollo\/metagestion\/wp-content\/uploads\/2025\/11\/Informe-Centros-Ejecucion-2023.pdf\" target=\"_blank\" rel=\"noopener noreferrer\"><div class=\"vcex-icon-box-symbol vcex-icon-box-symbol--icon wpex-mb-20\"><div class=\"vcex-icon-box-icon wpex-items-center wpex-justify-center wpex-child-inherit-color wpex-text-center wpex-leading-none wpex-inline-flex wpex-text-1\"><span class=\"wpex-flex fa fa-regular fa-file-pdf\" aria-hidden=\"true\"><\/span><\/div><\/div><div class=\"vcex-icon-box-text\"><h2 class=\"vcex-icon-box-heading wpex-heading wpex-text-lg wpex-mb-10\">INFORME CENTROS DE EJECUCI\u00d3N 2023<\/h2><\/div><\/a><style>.vcex-icon-box.vcex_69de7bdf365ac{border-color:var(--wpex-palette-336-color);border-radius:var(--wpex-rounded-md);}.vcex-icon-box.vcex_69de7bdf365ac .vcex-icon-box-heading{color:var(--wpex-palette-337-color);}.vcex-icon-box.vcex_69de7bdf365ac:hover .vcex-icon-box-heading{color:var(--wpex-palette-336-color);}.vcex-icon-box.vcex_69de7bdf365ac .vcex-icon-box-icon{color:var(--wpex-palette-337-color);}.vcex-icon-box.vcex_69de7bdf365ac:hover .vcex-icon-box-icon{color:var(--wpex-palette-336-color);}<\/style><a class=\"vcex-module vcex-icon-box vcex-icon-box-four vcex-icon-box-has-link wpex-inherit-color wpex-no-underline wpex-block wpex-text-center wpex-p-30 wpex-bordered hvr hvr-grow vcex_69de7bdf365ac\" href=\"https:\/\/inkfusion.es\/desarrollo\/metagestion\/wp-content\/uploads\/2025\/11\/Informe-Centros-Ejecucion-2024.pdf\" target=\"_blank\" rel=\"noopener noreferrer\"><div class=\"vcex-icon-box-symbol vcex-icon-box-symbol--icon wpex-mb-20\"><div class=\"vcex-icon-box-icon wpex-items-center wpex-justify-center wpex-child-inherit-color wpex-text-center wpex-leading-none wpex-inline-flex wpex-text-1\"><span class=\"wpex-flex fa fa-regular fa-file-pdf\" aria-hidden=\"true\"><\/span><\/div><\/div><div class=\"vcex-icon-box-text\"><h2 class=\"vcex-icon-box-heading wpex-heading wpex-text-lg wpex-mb-10\">INFORME CENTROS DE EJECUCI\u00d3N 2024<\/h2><\/div><\/a><style>.vcex-icon-box.vcex_69de7bdf370c6{border-color:var(--wpex-palette-336-color);border-radius:var(--wpex-rounded-md);}.vcex-icon-box.vcex_69de7bdf370c6 .vcex-icon-box-heading{color:var(--wpex-palette-337-color);}.vcex-icon-box.vcex_69de7bdf370c6:hover .vcex-icon-box-heading{color:var(--wpex-palette-336-color);}.vcex-icon-box.vcex_69de7bdf370c6 .vcex-icon-box-icon{color:var(--wpex-palette-337-color);}.vcex-icon-box.vcex_69de7bdf370c6:hover .vcex-icon-box-icon{color:var(--wpex-palette-336-color);}<\/style><a class=\"vcex-module vcex-icon-box vcex-icon-box-four vcex-icon-box-has-link wpex-inherit-color wpex-no-underline wpex-block wpex-text-center wpex-p-30 wpex-bordered hvr hvr-grow vcex_69de7bdf370c6\" href=\"https:\/\/inkfusion.es\/desarrollo\/metagestion\/wp-content\/uploads\/2025\/11\/Reglamento-Defensa-Cliente.pdf\" target=\"_blank\" rel=\"noopener noreferrer\"><div class=\"vcex-icon-box-symbol vcex-icon-box-symbol--icon wpex-mb-20\"><div class=\"vcex-icon-box-icon wpex-items-center wpex-justify-center wpex-child-inherit-color wpex-text-center wpex-leading-none wpex-inline-flex wpex-text-1\"><span class=\"wpex-flex fa fa-regular fa-file-pdf\" aria-hidden=\"true\"><\/span><\/div><\/div><div class=\"vcex-icon-box-text\"><h2 class=\"vcex-icon-box-heading wpex-heading wpex-text-lg wpex-mb-10\">REGLAMENTO DEFENSA DEL CLIENTE<\/h2><\/div><\/a><\/div>[vc_column_text css=\u00bb\u00bb][\/vc_column_text][\/vc_column][\/vc_row][vc_row remove_bottom_col_margin=\u00bbtrue\u00bb][vc_column]<div class=\"wpex-template-shortcode\"><div class=\"vc_row wpb_row vc_row-fluid wpex-relative wpex-vc_row-col-mb-0\"><div class=\"wpb_column vc_column_container vc_col-sm-12\"><div class=\"vc_column-inner\"><div class=\"wpb_wrapper\"><div class=\"vcex-spacing wpex-w-100 wpex-clear\" style=\"height:clamp(60px, 7vmax, 120px);\"><\/div><\/div><\/div><\/div><\/div>\n<\/div>[\/vc_column][\/vc_row]\n<\/div>","protected":false},"excerpt":{"rendered":"Documentaci\u00f3n y ContratosAviso LegalPol\u00edtica de PrivacidadPol\u00edtica de CookiesSostenibilidadDocumentaci\u00f3n y ContratosAtenci\u00f3n al ClienteCanal de DenunciasAviso LegalPol\u00edtica de PrivacidadPol\u00edtica de CookiesSostenibilidadDocumentaci\u00f3n y ContratosAtenci\u00f3n al ClienteCanal de DenunciasCUENTAS ANUALES DE LA GESTORA 2024CUENTAS ANUALES DE LA GESTORA 2023POL\u00cdTICA REMUNERATIVAANUNCIO BOEPOL\u00cdTICA DE IMPLICACI\u00d3N A LARGO PLAZOINFORME POL\u00cdTICA DE IMPLICACI\u00d3N A LARGO PLAZO 2023INFORME POL\u00cdTICA DE IMPLICACI\u00d3N A LARGO PLAZO&hellip;","protected":false},"author":1,"featured_media":0,"parent":0,"menu_order":0,"comment_status":"closed","ping_status":"closed","template":"","meta":{"_acf_changed":false,"footnotes":""},"class_list":["post-557","page","type-page","status-publish","hentry","entry","no-media"],"acf":[],"_links":{"self":[{"href":"https:\/\/inkfusion.es\/desarrollo\/metagestion\/wp-json\/wp\/v2\/pages\/557","targetHints":{"allow":["GET"]}}],"collection":[{"href":"https:\/\/inkfusion.es\/desarrollo\/metagestion\/wp-json\/wp\/v2\/pages"}],"about":[{"href":"https:\/\/inkfusion.es\/desarrollo\/metagestion\/wp-json\/wp\/v2\/types\/page"}],"author":[{"embeddable":true,"href":"https:\/\/inkfusion.es\/desarrollo\/metagestion\/wp-json\/wp\/v2\/users\/1"}],"replies":[{"embeddable":true,"href":"https:\/\/inkfusion.es\/desarrollo\/metagestion\/wp-json\/wp\/v2\/comments?post=557"}],"version-history":[{"count":21,"href":"https:\/\/inkfusion.es\/desarrollo\/metagestion\/wp-json\/wp\/v2\/pages\/557\/revisions"}],"predecessor-version":[{"id":615,"href":"https:\/\/inkfusion.es\/desarrollo\/metagestion\/wp-json\/wp\/v2\/pages\/557\/revisions\/615"}],"wp:attachment":[{"href":"https:\/\/inkfusion.es\/desarrollo\/metagestion\/wp-json\/wp\/v2\/media?parent=557"}],"curies":[{"name":"wp","href":"https:\/\/api.w.org\/{rel}","templated":true}]}}