{"id":32,"date":"2022-07-06T00:13:04","date_gmt":"2022-07-06T00:13:04","guid":{"rendered":"https:\/\/totalwpdemos.wpenginepowered.com\/biz\/?page_id=32"},"modified":"2026-03-11T12:27:42","modified_gmt":"2026-03-11T11:27:42","slug":"contacto","status":"publish","type":"page","link":"https:\/\/inkfusion.es\/desarrollo\/metagestion\/contacto\/","title":{"rendered":"Contacto"},"content":{"rendered":"<div class=\"wpb-content-wrapper\">[vc_row full_width=\u00bbstretch_row\u00bb css=\u00bb.vc_custom_1765454922354{padding-top: 60px !important;padding-bottom: 30px !important;}\u00bb wpex_bg_color=\u00bbpalette-336&#8243;][vc_column width=\u00bb1\/3&#8243;]<style>.vcex-icon-box.vcex_69de467726ef3 .vcex-icon-box-content{color:var(--wpex-palette-345-color);font-weight:500;}.vcex-icon-box.vcex_69de467726ef3 .vcex-icon-box-icon{font-size:var(--vcex-icon-normal);color:var(--wpex-palette-338-color);}<\/style><div class=\"vcex-module vcex-icon-box vcex-icon-box-two wpex-block wpex-text-center vcex_69de467726ef3\"><div class=\"vcex-icon-box-symbol vcex-icon-box-symbol--icon wpex-mb-20\"><div class=\"vcex-icon-box-icon wpex-items-center wpex-justify-center wpex-child-inherit-color wpex-text-center wpex-leading-none wpex-inline-flex wpex-text-1\"><span class=\"wpex-flex fa fa-solid fa-map-location-dot\" aria-hidden=\"true\"><\/span><\/div><\/div><div class=\"vcex-icon-box-text\"><div class=\"vcex-icon-box-content wpex-last-mb-0 wpex-clr\"><p style=\"text-align: center\">C\/ Orense, 20, 1\u00aa, Planta, Oficina 13<br \/>\n28020, Madrid<\/p>\n<\/div><\/div><\/div>[\/vc_column][vc_column width=\u00bb1\/3&#8243;]<style>.vcex-icon-box.vcex_69de4677281d9 .vcex-icon-box-content{color:var(--wpex-palette-345-color);font-weight:500;}.vcex-icon-box.vcex_69de4677281d9 .vcex-icon-box-icon{font-size:var(--vcex-icon-normal);color:var(--wpex-palette-338-color);}<\/style><div class=\"vcex-module vcex-icon-box vcex-icon-box-two wpex-block wpex-text-center vcex_69de4677281d9\"><div class=\"vcex-icon-box-symbol vcex-icon-box-symbol--icon wpex-mb-20\"><div class=\"vcex-icon-box-icon wpex-items-center wpex-justify-center wpex-child-inherit-color wpex-text-center wpex-leading-none wpex-inline-flex wpex-text-1\"><span class=\"wpex-flex fa fa-solid fa-phone-volume\" aria-hidden=\"true\"><\/span><\/div><\/div><div class=\"vcex-icon-box-text\"><div class=\"vcex-icon-box-content wpex-last-mb-0 wpex-clr\"><p style=\"text-align: center\">+34 917 816 880<\/p>\n<\/div><\/div><\/div>[\/vc_column][vc_column width=\u00bb1\/3&#8243;]<style>.vcex-icon-box.vcex_69de467728d6f .vcex-icon-box-content{color:var(--wpex-palette-345-color);font-weight:500;}.vcex-icon-box.vcex_69de467728d6f .vcex-icon-box-icon{font-size:var(--vcex-icon-normal);color:var(--wpex-palette-338-color);}<\/style><div class=\"vcex-module vcex-icon-box vcex-icon-box-two wpex-block wpex-text-center vcex_69de467728d6f\"><div class=\"vcex-icon-box-symbol vcex-icon-box-symbol--icon wpex-mb-20\"><div class=\"vcex-icon-box-icon wpex-items-center wpex-justify-center wpex-child-inherit-color wpex-text-center wpex-leading-none wpex-inline-flex wpex-text-1\"><span class=\"wpex-flex fa fa-solid fa-envelope-open-text\" aria-hidden=\"true\"><\/span><\/div><\/div><div class=\"vcex-icon-box-text\"><div class=\"vcex-icon-box-content wpex-last-mb-0 wpex-clr\"><p style=\"text-align: center\">clientes@metagestion.com<\/p>\n<\/div><\/div><\/div>[\/vc_column][\/vc_row][vc_row content_placement=\u00bbtop\u00bb remove_bottom_col_margin=\u00bbtrue\u00bb][vc_column]<div class=\"wpex-template-shortcode\"><div class=\"vc_row wpb_row vc_row-fluid wpex-relative wpex-vc_row-col-mb-0\"><div class=\"wpb_column vc_column_container vc_col-sm-12\"><div class=\"vc_column-inner\"><div class=\"wpb_wrapper\"><div class=\"vcex-spacing wpex-w-100 wpex-clear\" style=\"height:clamp(60px, 7vmax, 120px);\"><\/div><\/div><\/div><\/div><\/div>\n<\/div><style>.vcex-heading.vcex_69de46772b529{font-size:var(--wpex-text-6xl);margin-block-end:20px;}@media (max-width:767px){.vcex-heading.vcex_69de46772b529{font-size:var(--wpex-text-4xl);}}<\/style><h2 class=\"vcex-heading vcex-heading-plain vcex-module wpex-h2 wpex-text-center vcex_69de46772b529\"><span class=\"vcex-heading-inner wpex-inline-block\">Escr\u00edbenos<\/span><\/h2>[vc_column_text css=\u00bb\u00bb text_align=\u00bbcenter\u00bb width=\u00bb650px\u00bb]Tus consultas son importantes para nosotros. Por favor, env\u00edanos un formulario y te llamaremos lo antes posible.[\/vc_column_text]<div class=\"vcex-spacing wpex-w-100 wpex-clear\" style=\"height:60px;\"><\/div>\n<div class=\"wpcf7 no-js\" id=\"wpcf7-f449-o1\" lang=\"es-ES\" dir=\"ltr\" data-wpcf7-id=\"449\">\n<div class=\"screen-reader-response\"><p role=\"status\" aria-live=\"polite\" aria-atomic=\"true\"><\/p> <ul><\/ul><\/div>\n<form action=\"\/desarrollo\/metagestion\/wp-json\/wp\/v2\/pages\/32#wpcf7-f449-o1\" method=\"post\" class=\"wpcf7-form init\" aria-label=\"Formulario de contacto\" novalidate=\"novalidate\" data-status=\"init\">\n<fieldset class=\"hidden-fields-container\"><input type=\"hidden\" name=\"_wpcf7\" value=\"449\" \/><input type=\"hidden\" name=\"_wpcf7_version\" value=\"6.1.4\" \/><input type=\"hidden\" name=\"_wpcf7_locale\" value=\"es_ES\" \/><input type=\"hidden\" name=\"_wpcf7_unit_tag\" value=\"wpcf7-f449-o1\" \/><input type=\"hidden\" name=\"_wpcf7_container_post\" value=\"0\" \/><input type=\"hidden\" name=\"_wpcf7_posted_data_hash\" value=\"\" \/>\n<\/fieldset>\n<div id=\"responsive-form\" class=\"clearfix\">\n\n <!-- Estilos espec\u00edficos del formulario -->\n\t<style>\n \/* Texto verde oscuro para labels y elementos del formulario *\/\n #responsive-form label,\n #responsive-form span,\n #responsive-form a,\n #responsive-form p {\n color: #004437;\n }\n\n \/* Texto blanco de las opciones de checkbox *\/\n #responsive-form .wpcf7-checkbox label {\n color: #004437;\n }\n\t<\/style>\n\t<div class=\"column-half\">\n\t\t<p><label for=\"your-name\">Nombre completo<\/label><br \/>\n<span class=\"wpcf7-form-control-wrap\" data-name=\"your-name\"><input size=\"40\" maxlength=\"400\" class=\"wpcf7-form-control wpcf7-text wpcf7-validates-as-required\" id=\"your-name\" aria-required=\"true\" aria-invalid=\"false\" value=\"\" type=\"text\" name=\"your-name\" \/><\/span><br \/>\n<span id=\"wpcf7-69de46772c898-wrapper\" class=\"wpcf7-form-control-wrap Apellidos-wrap\" style=\"display:none !important; visibility:hidden !important;\"><label for=\"wpcf7-69de46772c898-field\" class=\"hp-message\">Por favor, deja este campo vac\u00edo.<\/label><input id=\"wpcf7-69de46772c898-field\"  class=\"wpcf7-form-control wpcf7-text\" type=\"text\" name=\"Apellidos\" value=\"\" size=\"40\" tabindex=\"-1\" autocomplete=\"new-password\" \/><\/span>\n\t\t<\/p>\n\t<\/div>\n\t<div class=\"column-half\">\n\t\t<p><label for=\"your-email\">Email<\/label><br \/>\n<span class=\"wpcf7-form-control-wrap\" data-name=\"your-email\"><input size=\"40\" maxlength=\"400\" class=\"wpcf7-form-control wpcf7-email wpcf7-validates-as-required wpcf7-text wpcf7-validates-as-email\" id=\"your-email\" aria-required=\"true\" aria-invalid=\"false\" value=\"\" type=\"email\" name=\"your-email\" \/><\/span>\n\t\t<\/p>\n\t<\/div>\n\t<div class=\"column-half\">\n\t\t<p><label for=\"your-phone\">Tel\u00e9fono<\/label><br \/>\n<span class=\"wpcf7-form-control-wrap\" data-name=\"your-phone\"><input size=\"40\" maxlength=\"400\" class=\"wpcf7-form-control wpcf7-text wpcf7-validates-as-required\" id=\"your-phone\" aria-required=\"true\" aria-invalid=\"false\" value=\"\" type=\"text\" name=\"your-phone\" \/><\/span>\n\t\t<\/p>\n\t<\/div>\n\t<div class=\"column-half\">\n\t\t<p><label>Estoy interesado en:<\/label><br \/>\n<span class=\"wpcf7-form-control-wrap\" data-name=\"your-products\"><span class=\"wpcf7-form-control wpcf7-checkbox\"><span class=\"wpcf7-list-item first\"><label><input type=\"checkbox\" name=\"your-products[]\" value=\"Fondos de inversi\u00f3n\" \/><span class=\"wpcf7-list-item-label\">Fondos de inversi\u00f3n<\/span><\/label><\/span><span class=\"wpcf7-list-item\"><label><input type=\"checkbox\" name=\"your-products[]\" value=\"Gesti\u00f3n de carteras\" \/><span class=\"wpcf7-list-item-label\">Gesti\u00f3n de carteras<\/span><\/label><\/span><span class=\"wpcf7-list-item\"><label><input type=\"checkbox\" name=\"your-products[]\" value=\"Planes de pensiones\" \/><span class=\"wpcf7-list-item-label\">Planes de pensiones<\/span><\/label><\/span><span class=\"wpcf7-list-item last\"><label><input type=\"checkbox\" name=\"your-products[]\" value=\"Otras consultas\" \/><span class=\"wpcf7-list-item-label\">Otras consultas<\/span><\/label><\/span><\/span><\/span>\n\t\t<\/p>\n\t<\/div>\n\t<div class=\"form-row\">\n\t\t<div class=\"column-full\">\n\t\t\t<p><span class=\"wpcf7-form-control-wrap\" data-name=\"acceptance-633\"><span class=\"wpcf7-form-control wpcf7-acceptance\"><span class=\"wpcf7-list-item\"><label><input type=\"checkbox\" name=\"acceptance-633\" value=\"1\" aria-invalid=\"false\" \/><span class=\"wpcf7-list-item-label\">He le\u00eddo y acepto la pol\u00edtica de privacidad \n      \n      <a href=\"https:\/\/inkfusion.es\/desarrollo\/metagestion\/politica-de-privacidad\/\" target=\"_blank\" style=\"color:#6bb79d;\">(Aqu\u00ed)<\/a><\/span><\/label><\/span><\/span><\/span>\n\t\t\t<\/p>\n\t\t<\/div>\n\t<\/div>\n\t<div class=\"form-row\">\n\t\t<div class=\"column-full\">\n\t\t\t<p><input class=\"wpcf7-form-control wpcf7-submit has-spinner\" type=\"submit\" value=\"Enviar\" \/>\n\t\t\t<\/p>\n\t\t<\/div>\n\t<\/div>\n<\/div><!--end responsive-form--><div class=\"wpcf7-response-output\" aria-hidden=\"true\"><\/div>\n<\/form>\n<\/div>\n<div class=\"wpex-template-shortcode\"><div class=\"vc_row wpb_row vc_row-fluid wpex-relative wpex-vc_row-col-mb-0\"><div class=\"wpb_column vc_column_container vc_col-sm-12\"><div class=\"vc_column-inner\"><div class=\"wpb_wrapper\"><div class=\"vcex-spacing wpex-w-100 wpex-clear\" style=\"height:clamp(60px, 7vmax, 120px);\"><\/div><\/div><\/div><\/div><\/div>\n<\/div>[\/vc_column][\/vc_row][vc_row full_width=\u00bbstretch_row\u00bb content_placement=\u00bbtop\u00bb remove_bottom_col_margin=\u00bbtrue\u00bb wpex_bg_color=\u00bbpalette-41982&#8243; css=\u00bb.vc_custom_1773228393500{padding-top: 80px !important;padding-bottom: 80px !important;}\u00bb][vc_column width=\u00bb1\/2&#8243;]<style>.vcex-heading.vcex_69de46772db0e{font-size:var(--wpex-text-6xl);margin-block-end:20px;}@media (max-width:1024px){.vcex-heading.vcex_69de46772db0e{font-size:var(--wpex-text-6xl);}}@media (max-width:959px){.vcex-heading.vcex_69de46772db0e{font-size:var(--wpex-text-6xl);}}@media (max-width:767px){.vcex-heading.vcex_69de46772db0e{font-size:var(--wpex-text-4xl);}}@media (max-width:479px){.vcex-heading.vcex_69de46772db0e{font-size:var(--wpex-text-4xl);}}<\/style><h2 class=\"vcex-heading vcex-heading-plain vcex-module wpex-h2 wpex-text-left vcex_69de46772db0e\"><span class=\"vcex-heading-inner wpex-inline-block\">Trabaja con nosotros<\/span><\/h2>[vc_column_text align=\u00bbleft\u00bb css=\u00bb\u00bb text_align=\u00bbleft\u00bb width=\u00bb650px\u00bb]Si quieres que tengamos presente tu candidatura a nuestras nuevas incorporaciones, rellena el siguiente formulario.[\/vc_column_text][\/vc_column][vc_column width=\u00bb1\/2&#8243;]<div class=\"vcex-spacing wpex-w-100 wpex-clear\" style=\"height:30px;\"><\/div>\n<div class=\"wpcf7 no-js\" id=\"wpcf7-f42781-o2\" lang=\"es-ES\" dir=\"ltr\" data-wpcf7-id=\"42781\">\n<div class=\"screen-reader-response\"><p role=\"status\" aria-live=\"polite\" aria-atomic=\"true\"><\/p> <ul><\/ul><\/div>\n<form action=\"\/desarrollo\/metagestion\/wp-json\/wp\/v2\/pages\/32#wpcf7-f42781-o2\" method=\"post\" class=\"wpcf7-form init\" aria-label=\"Formulario de contacto\" enctype=\"multipart\/form-data\" novalidate=\"novalidate\" data-status=\"init\">\n<fieldset class=\"hidden-fields-container\"><input type=\"hidden\" name=\"_wpcf7\" value=\"42781\" \/><input type=\"hidden\" name=\"_wpcf7_version\" value=\"6.1.4\" \/><input type=\"hidden\" name=\"_wpcf7_locale\" value=\"es_ES\" \/><input type=\"hidden\" name=\"_wpcf7_unit_tag\" value=\"wpcf7-f42781-o2\" \/><input type=\"hidden\" name=\"_wpcf7_container_post\" value=\"0\" \/><input type=\"hidden\" name=\"_wpcf7_posted_data_hash\" value=\"\" \/>\n<\/fieldset>\n<div id=\"responsive-form\" class=\"clearfix\">\n\n <!-- Estilos espec\u00edficos del formulario -->\n\t<style>\n \/* Texto verde oscuro para labels y elementos del formulario *\/\n #responsive-form label,\n #responsive-form span,\n #responsive-form a,\n #responsive-form p {\n color: #004437;\n }\n\n \/* Texto blanco de las opciones de checkbox *\/\n #responsive-form .wpcf7-checkbox label {\n color: #004437;\n }\n\t<\/style>\n\t<div class=\"form-row\">\n\t\t<p><span class=\"wpcf7-form-control-wrap\" data-name=\"your-name\"><input size=\"40\" maxlength=\"400\" class=\"wpcf7-form-control wpcf7-text wpcf7-validates-as-required\" aria-required=\"true\" aria-invalid=\"false\" placeholder=\"Nombre completo\" value=\"\" type=\"text\" name=\"your-name\" \/><\/span><br \/>\n<span id=\"wpcf7-69de46772e779-wrapper\" class=\"wpcf7-form-control-wrap Apellidos-wrap\" style=\"display:none !important; visibility:hidden !important;\"><label for=\"wpcf7-69de46772e779-field\" class=\"hp-message\">Por favor, deja este campo vac\u00edo.<\/label><input id=\"wpcf7-69de46772e779-field\"  class=\"wpcf7-form-control wpcf7-text\" type=\"text\" name=\"Apellidos\" value=\"\" size=\"40\" tabindex=\"-1\" autocomplete=\"new-password\" \/><\/span>\n\t\t<\/p>\n\t<\/div>\n\t<div class=\"form-row\">\n\t\t<p><span class=\"wpcf7-form-control-wrap\" data-name=\"your-email\"><input size=\"40\" maxlength=\"400\" class=\"wpcf7-form-control wpcf7-email wpcf7-validates-as-required wpcf7-text wpcf7-validates-as-email\" aria-required=\"true\" aria-invalid=\"false\" placeholder=\"E-mail\" value=\"\" type=\"email\" name=\"your-email\" \/><\/span>\n\t\t<\/p>\n\t<\/div>\n\t<div class=\"form-row\">\n\t\t<p><span class=\"wpcf7-form-control-wrap\" data-name=\"your-phone\"><input size=\"40\" maxlength=\"400\" class=\"wpcf7-form-control wpcf7-text wpcf7-validates-as-required\" aria-required=\"true\" aria-invalid=\"false\" placeholder=\"Tel\u00e9fono\" value=\"\" type=\"text\" name=\"your-phone\" \/><\/span>\n\t\t<\/p>\n\t<\/div>\n\t<div class=\"form-row\">\n\t\t<p><label>Subir PDF (max. 1,5MB)<\/label><br \/>\n<span class=\"wpcf7-form-control-wrap\" data-name=\"file-curriculum\"><input size=\"40\" class=\"wpcf7-form-control wpcf7-file\" accept=\"application\/pdf\" aria-invalid=\"false\" type=\"file\" name=\"file-curriculum\" \/><\/span>\n\t\t<\/p>\n\t<\/div>\n\t<div class=\"form-row\">\n\t\t<div class=\"column-full\">\n\t\t\t<p><span class=\"wpcf7-form-control-wrap\" data-name=\"acceptance-633\"><span class=\"wpcf7-form-control wpcf7-acceptance\"><span class=\"wpcf7-list-item\"><label><input type=\"checkbox\" name=\"acceptance-633\" value=\"1\" aria-invalid=\"false\" \/><span class=\"wpcf7-list-item-label\">He le\u00eddo y acepto la pol\u00edtica de privacidad \n      \n      <a href=\"https:\/\/inkfusion.es\/desarrollo\/metagestion\/politica-de-privacidad\/\" target=\"_blank\" style=\"color:#6bb79d;\">(Aqu\u00ed)<\/a><\/span><\/label><\/span><\/span><\/span>\n\t\t\t<\/p>\n\t\t<\/div>\n\t<\/div>\n\t<div class=\"form-row\">\n\t\t<div class=\"column-full\">\n\t\t\t<p><input class=\"wpcf7-form-control wpcf7-submit has-spinner\" type=\"submit\" value=\"Enviar\" \/>\n\t\t\t<\/p>\n\t\t<\/div>\n\t<\/div>\n<\/div><!--end responsive-form--><div class=\"wpcf7-response-output\" aria-hidden=\"true\"><\/div>\n<\/form>\n<\/div>\n[\/vc_column][\/vc_row]\n<\/div>","protected":false},"excerpt":{"rendered":"C\/ Orense, 20, 1\u00aa, Planta, Oficina 13 28020, Madrid +34 917 816 880 clientes@metagestion.com Escr\u00edbenos Tus consultas son importantes para nosotros. Por favor, env\u00edanos un formulario y te llamaremos lo antes posible. Nombre completo Por favor, deja este campo vac\u00edo. Email Tel\u00e9fono Estoy interesado en: Fondos de inversi\u00f3nGesti\u00f3n de carterasPlanes de pensionesOtras consultas He le\u00eddo&hellip;","protected":false},"author":1,"featured_media":0,"parent":0,"menu_order":0,"comment_status":"closed","ping_status":"closed","template":"","meta":{"_acf_changed":false,"footnotes":""},"class_list":["post-32","page","type-page","status-publish","hentry","entry","no-media"],"acf":[],"_links":{"self":[{"href":"https:\/\/inkfusion.es\/desarrollo\/metagestion\/wp-json\/wp\/v2\/pages\/32","targetHints":{"allow":["GET"]}}],"collection":[{"href":"https:\/\/inkfusion.es\/desarrollo\/metagestion\/wp-json\/wp\/v2\/pages"}],"about":[{"href":"https:\/\/inkfusion.es\/desarrollo\/metagestion\/wp-json\/wp\/v2\/types\/page"}],"author":[{"embeddable":true,"href":"https:\/\/inkfusion.es\/desarrollo\/metagestion\/wp-json\/wp\/v2\/users\/1"}],"replies":[{"embeddable":true,"href":"https:\/\/inkfusion.es\/desarrollo\/metagestion\/wp-json\/wp\/v2\/comments?post=32"}],"version-history":[{"count":35,"href":"https:\/\/inkfusion.es\/desarrollo\/metagestion\/wp-json\/wp\/v2\/pages\/32\/revisions"}],"predecessor-version":[{"id":42797,"href":"https:\/\/inkfusion.es\/desarrollo\/metagestion\/wp-json\/wp\/v2\/pages\/32\/revisions\/42797"}],"wp:attachment":[{"href":"https:\/\/inkfusion.es\/desarrollo\/metagestion\/wp-json\/wp\/v2\/media?parent=32"}],"curies":[{"name":"wp","href":"https:\/\/api.w.org\/{rel}","templated":true}]}}